usands digit of (-7 - (11 - 13))*-1618?
8
Let b be ((-20)/5 + -6)*2/(-5). Suppose 9 = -3*p, -b*y + 111 = -2*y + p. What is the tens digit of y?
5
Suppose -26*f = -187815 - 395755. What is the ten thousands digit of f?
2
Suppose 53*p - 1426 = -2*q + 54*p, -3*q + 5*p + 2146 = 0. What is the hundreds digit of q?
7
Let v = -596 - -595. What is the tens digit of v + (-14 + 2)/(-3) + 434?
3
Let b be -2071*((-5 - -6) + 18). What is the units digit of b/(-133) - 2/(-14)?
6
Let d(i) = 21*i**2 + 13*i**2 + 19 + 8 - 2*i - 14*i**2. What is the units digit of d(4)?
9
Let q = -12199 + 22227. What is the tens digit of q?
2
Suppose 4*g - 21 = -i, 3*g + 3 - 14 = 4*i. Suppose -g*w + 383 = -k + 5*k, 2*w = -2*k + 192. What is the units digit of k?
7
Suppose -126*w + 124*w = -656. Let t(u) = -88*u + 19. Let g be t(-6). Let x = g - w. What is the tens digit of x?
1
Suppose -130 = -h + 2*h. Let z = 290 + -521. Let r = h - z. What is the units digit of r?
1
Suppose 18*c = 215419 - 36980 - 9851. What is the tens digit of c?
6
Let l be (-5 - (-21)/3)*1. Suppose -l*t - w = -1702, -2567 = -12*t + 9*t - 5*w. What is the units digit of t?
9
Let c(m) = -46*m + 2. Let k be c(3). Let p be (k - -2)*(33/6 + -4). Let g = p + 309. What is the hundreds digit of g?
1
Let k(b) = 423*b**3 - b**2 + 6*b - 13. What is the tens digit of k(2)?
7
Let l(y) = y**3 - 15*y**2 + 15*y - 10. Let m be l(10). Let i = m + 608. Let x = 386 - i. What is the units digit of x?
8
Let x(r) = 8*r + 243. Let v(j) = -16*j - 485. Let u(b) = -3*v(b) - 5*x(b). What is the units digit of u(18)?
4
Suppose -8*p + 75638 + 264466 = 0. Suppose -p = 16*s - 53*s. What is the thousands digit of s?
1
Suppose 0 = 3*j + 6, -f + 4*j = 5410 - 17882. What is the hundreds digit of f?
4
Suppose 0 = 14129*m - 14141*m + 35844. What is the units digit of m?
7
Let j be (5/(-30) - 1/6)*-5094. Suppose 2*z = 2*i - j, -4871 + 586 = -5*i - 3*z. What is the hundreds digit of i?
8
Let n(l) = 2*l**3 - l**2 + 3*l + 4660. Let b be n(0). Suppose -11*i = 9*i - b. What is the tens digit of i?
3
Let j(t) = -5*t**3 + 34*t**2 + 3*t + 1. Let z(v) = 9*v**3 - 68*v**2 - 5*v - 1. Let w(a) = 7*j(a) + 4*z(a). What is the units digit of w(34)?
7
Let z(w) = 4*w**2 - 13*w + 20. Let k(h) = 12*h - 26 + 1 + 6 + 23*h**2 - 26*h**2. Let u(r) = -3*k(r) - 2*z(r). What is the tens digit of u(17)?
3
Suppose 3*o + 15 = 0, o = 2*i - 49443 + 9282. What is the thousands digit of i?
0
Let c be -48 - (10/5 - -2). Let p = c + 754. What is the units digit of p?
2
Let a = -270 - -945. Let k(l) = l**3 - 5*l**2 - 2*l - 6. Let m be k(6). What is the tens digit of a/m*2*1?
7
Let z(h) = -4479*h - 755. What is the hundreds digit of z(-2)?
2
Let r(h) = -644*h - 96. What is the units digit of r(-6)?
8
Suppose 0 = 5*k - 918 - 77. Let j = 2 + k. What is the tens digit of j?
0
Let c be 3*(2*-1)/2. Let s be ((-4)/10)/((-22)/11330). What is the tens digit of s - 6 - (1 - c)?
9
Suppose -8*s = -34 - 6. Suppose 0 = s*o + 2*m - 1296, 4*o = -8*m + 4*m + 1044. What is the tens digit of o?
5
Let l be 2 - (2 + 9/1). Let h(a) = -a**3 - 17*a**2 - 30*a - 229. Let n be h(-16). What is the tens digit of 102/5*6/l*n?
6
Let g(n) = -254*n**2 + 6*n - 12. Let k be g(3). Let d = -955 - k. What is the thousands digit of d?
1
Let q = 30 - 28. Suppose 6 = q*d + z - 3, 4*d - z = 3. Suppose 0 = 5*m - 4*y - 522, d*y + 4 = 4*y. What is the units digit of m?
6
Let c(v) = 1381*v**2 - 4*v + 2. Let n = 313 + -312. What is the tens digit of c(n)?
7
Suppose z + 0*j = 3*j - 3, -z + 2*j - 7 = 0. What is the units digit of (-377264)/(-1020) - 2/z?
0
Suppose 2*p - 34 = -50. What is the units digit of ((p - -4) + 0)/((-4)/64)?
4
Suppose -5*t + 3*j - 2 + 12 = 0, 0 = -3*t - 4*j + 35. Suppose -5*n = -2*p + p - 11, -n - t = -2*p. What is the units digit of p/(-14) - (-2862)/21?
6
Let o = -399 - -902. What is the tens digit of o/(4/6 + (-7)/42)?
0
Suppose -5*h = 5, 0 = 9*r - 5*r - 2*h - 14. Suppose -12 = -r*p + 42. Suppose -p*w - 860 = -22*w. What is the hundreds digit of w?
2
Let l be (174/(-1) - 0)/((-3)/(-2)). Let y be -2*2*426/8. Let k = l - y. What is the units digit of k?
7
Suppose -n = -i + 5270 - 22527, 0 = -2*n - i + 34532. What is the units digit of n?
3
Suppose 466 = -13*p + 505. Let o(g) = g**2 + 5*g - 6. Let r be o(-6). Suppose -5*v = p*n - 420, r = 4*v + 2*n - 203 - 133. What is the units digit of v?
4
Let x(y) = y**3 + 2*y**2 + y + 2. Let j be x(-3). Let f be -4*(-3)/30 - 26/j. What is the units digit of 928/24*f/2?
8
Let a(l) = -6*l - 23. Let t(d) = -13*d - 47. Let s(q) = -7*a(q) + 3*t(q). Let w be s(-5). Suppose b = w*b - 308. What is the tens digit of b?
7
Let k be 4/(4 + -24) - (-212)/10. Suppose 0 = k*n - 2*n - 19057. What is the units digit of n?
3
Let q = 552 - 548. Suppose 0 = -q*f - 10*f + 19250. What is the tens digit of f?
7
Suppose -9*m + 33 = 6. What is the tens digit of (-8690)/(-20) + m/(-6)?
3
Let b(l) = l**3 - 9*l**2 + 7*l + 13. Let h be b(8). Suppose 5*v = -h*n + 128 + 1957, -4*v = 5*n - 2081. What is the hundreds digit of n?
4
Suppose 3*n - 40 - 35 = -5*o, -4*o + 32 = n. Suppose -122 = 4*z + 2*i, 0 = -z - i + 18 - 47. Let s = n - z. What is the units digit of s?
2
Suppose 40*w - 385478 = 741122. What is the units digit of w?
5
Let x(j) = 42*j**2 + 69*j + 98. What is the units digit of x(8)?
8
Let v = -2022 + 2372. What is the units digit of v?
0
Let m = 24490 + -10155. What is the units digit of m?
5
Suppose j = -2*x + 566, -9*x = -5*x - 5*j - 1146. Suppose -73*v - x = -77*v. What is the units digit of v?
1
Let p be (0 + (-4)/(-2))*(-97)/(-97). Suppose -5*x + 918 + 68 = 2*b, -p*b - 4*x + 990 = 0. What is the tens digit of b?
0
Let a(o) = 2154*o**2 - 27*o + 73. What is the thousands digit of a(3)?
9
Let i be 44/22 + (4 - 3). Suppose 2*s - o = 82, -42*s - i*o + 90 = -40*s. What is the units digit of s?
2
Let j(m) = m**2 - 2*m - 13. Let q be j(5). Suppose 0 = 5*z + 4*o - 2331, 0 = 7*o - q*o + 5. What is the tens digit of z?
6
Suppose -2*c + 16 = 2*c. Suppose 4*k + 20 = m - 8, m = -c*k - 12. What is the tens digit of (-1*m)/(16/(-104))?
5
Suppose 5*m = 5, -4*m - 263 = -4*j - 1183. Let l be (-2 - ((-2)/(-3) - 1508/156)) + -359. Let q = j - l. What is the hundreds digit of q?
1
Let z(c) = -1239*c - 1306*c + 149 + 2429*c. What is the hundreds digit of z(-7)?
9
Let p = 4070 - 1575. What is the tens digit of p?
9
Let a(m) = -11*m + 1. Let v be a(-3). Let f be v/12 - 3/(-18). Suppose -4*g + 20 = -f*g. What is the units digit of g?
0
Suppose 6*n = -52 + 94. What is the hundreds digit of 5 - (7*-1059)/n?
0
Let y be ((-4)/(-8))/((-3)/(-6)). Let g(o) = 179*o**2 + 3*o - 2. What is the tens digit of g(y)?
8
Let x(q) = 7*q**2 + 14*q + 41. Let s(b) = b**2 - b + 2. Let d(m) = 5*s(m) - x(m). What is the units digit of d(-7)?
4
Let t(m) = -101*m**3 - m**2. Let x be t(1). Suppose -28 = 8*i - 36. What is the tens digit of (x/4)/(i/(-2))?
5
Let x(g) = -57*g**3 - g**2 - 8*g + 1. Let a be x(-4). Suppose a - 11905 = -10*f. What is the tens digit of f?
2
Suppose r + 3*r = -4*t + 32, 0 = -2*t + 4. What is the units digit of 2860/r + (-5)/(-15)?
7
Let y = 231 + -226. Let r be -3*1/(-3) + 54. What is the units digit of r - ((-91)/35 - 2/y)?
8
Let a(v) = v**3 - 30*v**2 - 17*v - 167. What is the hundreds digit of a(42)?
2
Suppose -2*w + 16400 = 2*m, -139*m + 2*w = -140*m + 8194. What is the tens digit of m?
0
What is the thousands digit of 1*4*5/(-60) + (-13136)/(-6)?
2
Let u = -3282 + 10494. What is the tens digit of u?
1
Let q = 301 + 2119. Suppose 4*a - 4*j = q, 3*a + 4*j + 3025 = 8*a. What is the tens digit of a?
0
Suppose 124*g - 507 = 137*g. What is the tens digit of (-25972)/g + (-12)/(-234)?
6
Let a be 1 + -2*8/4. What is the hundreds digit of 1/(2 - 3)*(a - 304)?
3
Suppose 250780 = 39*r - 68396. Suppose -9*a = -33*a + r. What is the tens digit of a?
4
Suppose 161 = -13*t - 164. Suppose -4*y - 85 = -313. Let b = y - t. What is the units digit of b?
2
Suppose -2*p - 4*u = -8389 - 11871, 0 = -7*p + 5*u + 70872. What is the thousands digit of p?
0
Let l(n) = 53*n**2 + 10*n + 29. Let c(b) = -54*b**2 - 9*b - 29. Let u(t) = 4*c(t) + 5*l(t). What is the hundreds digit of u(-3)?
4
Suppose 2*u + 4 = 72. Let n = u + -34. Let c(r) = -r + 30. What is the tens digit of c(n)?
3
Let q = 584 - -382. Let v = q - 368. What is the tens